{"id":111,"date":"2022-03-17T11:07:22","date_gmt":"2022-03-17T08:07:22","guid":{"rendered":"https:\/\/ekspresnet.com\/?page_id=111"},"modified":"2022-11-26T15:06:11","modified_gmt":"2022-11-26T12:06:11","slug":"seyahat-saglik","status":"publish","type":"page","link":"https:\/\/ekspresnet.com\/index.php\/seyahat-saglik\/","title":{"rendered":"Seyahat Sa\u011fl\u0131k"},"content":{"rendered":"<p>Siz seyahatinizin tad\u0131n\u0131 \u00e7\u0131kar\u0131n, endi\u015felerinizi de yan\u0131n\u0131zda ta\u015f\u0131may\u0131n diye size \u00f6zel bir \u00fcr\u00fcn haz\u0131rlad\u0131k.<br \/>\nYurtd\u0131\u015f\u0131 Seyyah Seyahat Sigortas\u0131, yurtd\u0131\u015f\u0131 seyahatlerinizde kar\u015f\u0131la\u015fabilece\u011finiz acil sa\u011fl\u0131k problemlerini teminat alt\u0131na alan ve se\u00e7ilen alternatife g\u00f6re Sompo Japan Sigorta Yard\u0131m Hizmetleri ile i\u00e7eri\u011fi geni\u015fletilmi\u015f seyahat sa\u011fl\u0131k sigortas\u0131d\u0131r.<\/p>\n<p>Pandemi d\u00f6neminde Covid-19 teminat\u0131n\u0131n yan\u0131nda; sigortal\u0131n\u0131n otelde karantinaya al\u0131nmas\u0131 durumunda acil ihtiya\u00e7lar\u0131nda da Sompo Sigorta Covid-19 Seyahat Sigortas\u0131 ile yan\u0131nda!<\/p>\n<p>Seyahat Sa\u011fl\u0131k Sigortas\u0131 sizi a\u015fa\u011f\u0131daki hallerde teminat alt\u0131na al\u0131r:<br \/>\n<img decoding=\"async\" loading=\"lazy\" class=\"\" src=\"https:\/\/www.somposigorta.com.tr\/uploads\/image\/c09693deee0d57113d224d62fc580405-1571642380329.svg\" width=\"100\" height=\"100\" \/>T\u0131bbi Tedavi Teminat\u0131\u00a0 \u00a0 \u00a0 \u00a0 \u00a0<img decoding=\"async\" loading=\"lazy\" class=\"\" src=\"https:\/\/www.somposigorta.com.tr\/uploads\/image\/8a3dc931d24983dd34f86e35e6d46e35-1571641953444.svg\" width=\"100\" height=\"100\" \/>Sigortal\u0131n\u0131n Cenazesinin Nakli<br \/>\n<img decoding=\"async\" loading=\"lazy\" class=\"\" src=\"https:\/\/www.somposigorta.com.tr\/uploads\/image\/35537175837fc61469aa87e78c521683-1571642468368.svg\" width=\"100\" height=\"100\" \/>Bagaj Kayb\u0131 ve \u00c7al\u0131nmas\u0131\u00a0 \u00a0 <img decoding=\"async\" loading=\"lazy\" class=\"\" src=\"https:\/\/www.somposigorta.com.tr\/uploads\/image\/1e7d3d1338f6ab8f6a3bfcf0b9605fa7-1571642069226.svg\" width=\"100\" height=\"100\" \/>Sigortal\u0131n\u0131n Seyahati veya Nakli<br \/>\n<img decoding=\"async\" loading=\"lazy\" class=\"\" src=\"https:\/\/www.somposigorta.com.tr\/uploads\/image\/0e3da8e46f1f0fa001a90e335cd33586-1593679324167.svg\" width=\"100\" height=\"100\" \/>T\u0131bbi Dan\u0131\u015fmanl\u0131k\u00a0 \u00a0 \u00a0 \u00a0 \u00a0 \u00a0 \u00a0 \u00a0 \u00a0<img decoding=\"async\" loading=\"lazy\" class=\"\" src=\"https:\/\/www.somposigorta.com.tr\/uploads\/image\/852f997656549003a51366ea47ed03c3-1593677703174.svg\" width=\"100\" height=\"100\" \/>Acil Mesajlar\u0131n \u0130letilmesi<\/p>\n<p><img decoding=\"async\" loading=\"lazy\" class=\"\" src=\"https:\/\/www.somposigorta.com.tr\/uploads\/image\/0e6176151fc0c53d4c5493fba6ca940b-1593677226766.svg\" width=\"100\" height=\"100\" \/>T\u0131bbi Ve Yatarak Tedavi (Covid-19 D\u00e2hil)<\/p>\n<p><img decoding=\"async\" loading=\"lazy\" class=\"\" src=\"https:\/\/www.somposigorta.com.tr\/uploads\/image\/f804ba67094160102f1cfc322e6f100a-1593677266699.svg\" width=\"100\" height=\"100\" \/>Sigortal\u0131n\u0131n T\u0131bbi Nedenlerle Nakli ve\/veya Geri D\u00f6n\u00fc\u015f Seyahati<\/p>\n<p>Teminat Limiti &#8211; Co\u011frafi Alan D\u00fcnya (ABD, Kanada, Japonya, Afganistan, Irak ve T\u00fcrkiye hari\u00e7) 30.000-EUR (Schengen) ABD, Kanada, Japonya 50.000-USD Avantajlar\u0131; Sigortalanma s\u00fcresi se\u00e7enekleri mevcuttur. Poli\u00e7eniz hem \u0130ngilizce hem T\u00fcrk\u00e7e olarak d\u00fczenlenmektedir.<br \/>\nMuafiyet (hasara kat\u0131l\u0131m) uygulanmamaktad\u0131r.<\/p>\n<h2>\u00dcr\u00fcn Avantajlar\u0131<\/h2>\n<ul>\n<li>Vize ba\u015fvurusu i\u00e7in gerekli evraklar aras\u0131ndad\u0131r.<\/li>\n<li>Seyahat s\u0131ras\u0131nda aniden hastalanman\u0131z veya yaralanman\u0131z durumunda hastane, ameliyat ve tedavi masraflar\u0131n\u0131z\u0131 da kar\u015f\u0131layabilirsiniz.<\/li>\n<li>Sigortalanma s\u00fcresi se\u00e7enekleri mevcuttur.<\/li>\n<li>Tarifeli u\u00e7u\u015flarda bagaj\u0131n\u0131z\u0131n kaybolmas\u0131, \u00e7al\u0131nmas\u0131, zarar g\u00f6rmesi ve bulunamamas\u0131 durumunda g\u00fcvence alt\u0131na al\u0131n\u0131rs\u0131n\u0131z.<\/li>\n<li>Muafiyet (hasara kat\u0131l\u0131m) uygulanmaz.<\/li>\n<\/ul>\n<h2>\u00d6zel \u015eartlar<\/h2>\n<div class=\"direct\">\n<p><a href=\"https:\/\/tsb.org.tr\/media\/attachments\/Seyahat_Sagl%C4%B1k_Sigortas%C4%B1_Genel_Sartlar%C4%B1.pdf\" target=\"_blank\" rel=\"noopener noreferrer\">Seyahat Sa\u011fl\u0131k Sigortas\u0131 Genel \u015eartlar\u0131<\/a><\/p>\n<p><a href=\"https:\/\/tsb.org.tr\/media\/attachments\/Ferdi_Kaza_Sigortas%C4%B1_Genel_Sartlar%C4%B1.pdf\" target=\"_blank\" rel=\"noopener noreferrer\">Ferdi Kaza Sigortas\u0131 Genel \u015eartlar\u0131<\/a><\/p>\n<p><a href=\"https:\/\/www.somposigorta.com.tr\/uploads\/file\/705574eb5bb42654a6a32b7b19115646-1629792517273.pdf\" target=\"_blank\" rel=\"noopener noreferrer\">Yurt D\u0131\u015f\u0131 Seyahat Sa\u011fl\u0131k Sigortas\u0131 \u00d6zel \u015eartlar\u0131<\/a><\/p>\n<p><a href=\"https:\/\/www.somposigorta.com.tr\/uploads\/file\/79669a7c644469b937946400df615768-1629791755372.pdf\" target=\"_blank\" rel=\"noopener noreferrer\">Covid-19 Yurt D\u0131\u015f\u0131 Seyahat Sa\u011fl\u0131k Sigortas\u0131 \u00d6zel \u015eartlar\u0131<\/a><\/p>\n<h2>S\u0131k\u00e7a Sorulan Sorular<\/h2>\n<div class=\"accordion\" data-acc=\"true\">\n<div class=\"accordion__item -active\" data-sss-item=\"\">\n<div class=\"accordion__title\" data-sss-title=\"\"><strong>Seyahat Sigorta S\u00fcreleri<\/strong><\/div>\n<div class=\"accordion__container\" data-sss-content=\"\">\n<div class=\"accordion__content\" data-sss-detail=\"\">\n<p>Yurt d\u0131\u015f\u0131 seyahat sigortas\u0131 i\u00e7in \u00e7e\u015fitli s\u00fcre paketleri bulunmaktad\u0131r. Dilerseniz 1 ayl\u0131k seyahat sigortas\u0131 yapt\u0131rabilece\u011finiz gibi 1 y\u0131ll\u0131k yurt d\u0131\u015f\u0131 sigortas\u0131 da yapt\u0131rabilirsiniz. Yurt d\u0131\u015f\u0131 seyahatiniz s\u00fcresini kapsayacak \u015fekilde tarih belirtmeniz gerekmektedir.<\/p>\n<\/div>\n<\/div>\n<\/div>\n<\/div>\n<\/div>\n","protected":false},"excerpt":{"rendered":"<p>Siz seyahatinizin tad\u0131n\u0131 \u00e7\u0131kar\u0131n, endi\u015felerinizi de yan\u0131n\u0131zda ta\u015f\u0131may\u0131n diye size \u00f6zel bir \u00fcr\u00fcn haz\u0131rlad\u0131k. Yurtd\u0131\u015f\u0131 Seyyah Seyahat Sigortas\u0131, yurtd\u0131\u015f\u0131 seyahatlerinizde kar\u015f\u0131la\u015fabilece\u011finiz acil sa\u011fl\u0131k problemlerini teminat alt\u0131na alan ve se\u00e7ilen alternatife g\u00f6re Sompo Japan Sigorta Yard\u0131m Hizmetleri ile i\u00e7eri\u011fi geni\u015fletilmi\u015f seyahat sa\u011fl\u0131k sigortas\u0131d\u0131r. Pandemi d\u00f6neminde Covid-19 teminat\u0131n\u0131n yan\u0131nda; sigortal\u0131n\u0131n otelde karantinaya al\u0131nmas\u0131 durumunda acil ihtiya\u00e7lar\u0131nda da &hellip; <\/p>\n","protected":false},"author":1,"featured_media":0,"parent":0,"menu_order":0,"comment_status":"closed","ping_status":"closed","template":"","meta":[],"_links":{"self":[{"href":"https:\/\/ekspresnet.com\/index.php\/wp-json\/wp\/v2\/pages\/111"}],"collection":[{"href":"https:\/\/ekspresnet.com\/index.php\/wp-json\/wp\/v2\/pages"}],"about":[{"href":"https:\/\/ekspresnet.com\/index.php\/wp-json\/wp\/v2\/types\/page"}],"author":[{"embeddable":true,"href":"https:\/\/ekspresnet.com\/index.php\/wp-json\/wp\/v2\/users\/1"}],"replies":[{"embeddable":true,"href":"https:\/\/ekspresnet.com\/index.php\/wp-json\/wp\/v2\/comments?post=111"}],"version-history":[{"count":5,"href":"https:\/\/ekspresnet.com\/index.php\/wp-json\/wp\/v2\/pages\/111\/revisions"}],"predecessor-version":[{"id":374,"href":"https:\/\/ekspresnet.com\/index.php\/wp-json\/wp\/v2\/pages\/111\/revisions\/374"}],"wp:attachment":[{"href":"https:\/\/ekspresnet.com\/index.php\/wp-json\/wp\/v2\/media?parent=111"}],"curies":[{"name":"wp","href":"https:\/\/api.w.org\/{rel}","templated":true}]}}